inder when a is divided by t.
9
Let m = -7 + 9. Suppose 0*d + m*d - 10 = 0. Suppose -d*z + 84 + 66 = 0. What is the remainder when 118 is divided by z?
28
Suppose 17*u - 21*u - 16 = 0. Let s(z) = 3*z + 6. What is the remainder when u - -2 - (-196)/4 is divided by s(6)?
23
Suppose 3*u - 23 = -2*m, m + 2*m = 3. Let a = u - -15. Calculate the remainder when 152 is divided by a.
20
Suppose -3*n = -2*w + 32, -3*n = -4*w - 5*n + 96. Calculate the remainder when 64 is divided by w.
20
Suppose 20 = 4*b - 0*b + 4*a, b - 2*a = 2. Suppose b*o = -4*f + 44, 4*f - 48 = -4*o + f. Calculate the remainder when o is divided by 7 + (-3 - -6) + -2.
7
Suppose 2*l - k - 89 = 0, 68*l - 3*k + 239 = 73*l. Calculate the remainder when l is divided by 1/4 + 126/8.
14
Let v(f) = -f**2 - f + 1. Suppose 0 = 5*x + 15 - 25. What is the remainder when x is divided by v(0)?
0
Let h = 157 + -84. Let k = -12 + 87. Suppose -p - k = -5*s - 5*p, -2*p = 5*s - 75. Calculate the remainder when h is divided by s.
13
Let i be (1/((-6)/(-34)) + -1)*6. What is the remainder when 82 is divided by (24/i)/(3/147)?
40
Suppose -293 = -5*o - 3*t, -2 = -t - t. Calculate the remainder when o is divided by 22.
14
Let u(l) = -3*l. Suppose -d - 6*h - 17 = -h, 5*d + 1 = -4*h. Let f be u(d). Let w(m) = -6*m - 14. Calculate the remainder when w(f) is divided by 14.
12
Suppose 41*j = 752 + 929. What is the remainder when j is divided by 6?
5
Suppose 120 = 26*j + 1160. Let a(i) = 2*i + 4. Let c be a(-4). Let p = c - j. What is the remainder when 141 is divided by p?
33
Let l be 12/10*(-100*1)/(-1). Suppose -4*s = -172 - l. Calculate the remainder when s is divided by 25.
23
Let s = 5 + 16. Suppose 4*m - 52 = 2*d, -26 - 84 = 4*d - 5*m. Let w = d + 41. Calculate the remainder when s is divided by w.
10
Suppose 0 = 5*y - 21 + 6. Suppose 2*t = y*t + d - 25, 54 = 2*t + 3*d. Calculate the remainder when t is divided by 22*(0 - -3)/6.
10
Calculate the remainder when 598 is divided by (-22)/165 - (-604)/30.
18
Let y = -58 + 68. Suppose -71 = -4*v + 145. Suppose 8*t + v = y*t. Calculate the remainder when t is divided by 7.
6
Let v be (-1 + -1)*(5 - 6). Suppose -v*f + 8 = -3*f. Let q(j) = j**2 + 8*j + 6. What is the remainder when 17 is divided by q(f)?
5
Suppose -4*o = -7*o + 378. Let m(w) = 7*w + 35. Let y be m(-12). What is the remainder when o/y*28/(-6) is divided by 5?
2
Suppose 143*j = 130*j + 689. Calculate the remainder when 66 is divided by j.
13
Let n = 1946 + -1329. Calculate the remainder when n is divided by 31.
28
Let n(w) = -w**2 - 7*w. Let h be n(-7). Suppose 2*g - 14 = -h. Calculate the remainder when 13 is divided by g.
6
Let z = 1 - 13. Let g = z + 26. Calculate the remainder when 369/45*(7 + -2) is divided by g.
13
Suppose -5*m + 2*g = -1097, 61*g - 60*g = -1. What is the remainder when m is divided by 38?
29
Let l = -33 - -48. Suppose 0*w - 3*w + 3*a + 21 = 0, 3*a = w - l. Let k = 23 - w. Calculate the remainder when k is divided by 7.
6
Let i(m) = -4*m + 12. Let w be i(7). Calculate the remainder when 6 is divided by (8/(-32))/(2/w).
0
Let v(c) = -c**2 + 100. Suppose -33*i = -29*i - 72. Calculate the remainder when v(0) is divided by i.
10
Let y(o) = -o + 1. Let s be y(-4). Suppose -4*f + 6*b - b = -57, 0 = -s*f - 4*b + 61. Calculate the remainder when 55 is divided by f.
3
Suppose 0 = 2*w + t - 28, -t + 5*t = -2*w + 40. What is the remainder when 501 is divided by w?
9
Let t(j) be the first derivative of 29*j**2/2 + 2*j - 2. What is the remainder when t(2) is divided by (1 - 0) + (-60)/(-3)?
18
Let k be ((-1)/((-3)/(-12)) - -4)/(-1). Let n = 10 + k. Calculate the remainder when 27 is divided by n.
7
Let y(p) = p**2 + 5*p - 15. Let k be y(6). Suppose 0 = 4*u - 239 + k. What is the remainder when u is divided by 3/6*0 + 12?
11
Let g = 43 + -33. Calculate the remainder when 16 is divided by g.
6
Let n = 1523 + -1516. What is the remainder when 41 is divided by n?
6
Let y = -2083 - -2131. What is the remainder when y is divided by 34/(3*2/3)?
14
What is the remainder when 168 is divided by (-1026)/(-30) - (-4)/(-20)?
32
Let h(n) = -n**2 - 10*n - 9. Let w be h(-6). Let f be (590/w)/(2/(-9)). Calculate the remainder when f/(-7) - (-2)/(-7) is divided by 7.
4
Suppose 2*j = 46 - 158. Calculate the remainder when (-3000)/j + 6/14 is divided by 14.
12
Suppose -5*m + 283 = -t + 78, 5*m - 220 = -2*t. What is the remainder when 163 is divided by m?
37
Let s be (-4)/(-6)*3*-2. What is the remainder when 2 - -39 - 2 - 2 is divided by 20*s/4*-1?
17
Let l = 18 + -13. Let z(i) = -4*i + 4*i**2 + 4*i - l. Calculate the remainder when z(4) is divided by 15.
14
Let j = -30 - -27. Calculate the remainder when 28/j*(-15)/10 is divided by 4.
2
Suppose -86 = -4*d + 14. Suppose d = 10*f - 5*f. What is the remainder when 37 is divided by f?
2
Suppose 4*x - 2*p = 38, 9*p + 22 = x + 11*p. What is the remainder when 16 is divided by x?
4
Let s be ((-27)/6)/(6/(-8)). Suppose 4*c + 70 = s*c. Let y = c - 21. Calculate the remainder when 53 is divided by y.
11
Suppose y + 12 - 16 = 0. Suppose 0 = -3*t - t + 5*i + 161, -y*i + 191 = 5*t. Calculate the remainder when t is divided by 14.
11
Suppose -20*y = -615 - 1385. What is the remainder when y is divided by 49?
2
What is the remainder when (20 - -1)/(124/56 + -2) is divided by 33?
32
Let u(n) = -9*n**2 + 3*n. Let d be u(2). Let r be (d/(-40))/(1/56). Calculate the remainder when 12/r + 432/7 is divided by 22.
18
Let d(h) = -27*h + 104*h**3 + 9*h - 103*h**3 + 17*h**2 + 26. What is the remainder when 98 is divided by d(-18)?
20
Let q be (0 + 1)/(13 - 14). Let p(l) = -l**3 - 2*l**2 + l. What is the remainder when q - -1 - (-6)/((-12)/(-166)) is divided by p(-4)?
27
Let c = 0 - 0. Let t(h) = h**2 + 4. Let m be t(c). Suppose m*z - 24 = -0*z. What is the remainder when 8 is divided by z?
2
Let f = 906 - 887. What is the remainder when 68 is divided by f?
11
Let b(q) = 2*q + 5. Let i be b(-8). Let t = i - -28. Suppose -h + 0*o = o - 44, 5*o - 76 = -2*h. What is the remainder when h is divided by t?
14
Let x(j) = 193*j + 3. What is the remainder when x(1) is divided by 66?
64
Let x = -18 - -18. Suppose -2*l + x*t = 2*t - 6, -4*t - 8 = 0. Suppose 0 = l*f - 2*y - 527, 2*y + 4 = -2*y. Calculate the remainder when f is divided by 27.
24
Suppose 32*p - 266 = 13*p. What is the remainder when 195 is divided by p?
13
Suppose -25*m = -24*m - 13. Calculate the remainder when 28 is divided by m.
2
Let d be 1/(-2 - 10/(-4)). Suppose s - 7 = d*s. Let y = 24 - s. Calculate the remainder when y is divided by 11.
9
Let y(k) = -k + 1 + k - 2*k - 2*k. What is the remainder when 1/((108/28 + -4)/(-7)) is divided by y(-3)?
10
Suppose 5*q - 11 = 14. Suppose q*c - 410 = -5*w, -w - 380 = -5*c - 0*w. What is the remainder when c is divided by 26?
25
Let a = -47 + 58. Suppose 0 = -a*f + 7*f + 12. Calculate the remainder when f is divided by 2.
1
Let w(v) be the first derivative of v**4/4 - 11*v**3/3 + 11*v**2/2 - 5*v - 4. What is the remainder when 7 is divided by w(10)?
2
Suppose -1616 = 41*o - 57*o. What is the remainder when o is divided by 55?
46
Let o(u) = u**3 - 37*u**2 - 21*u - 146. Calculate the remainder when o(38) is divided by 101.
96
Let j(f) = -3*f**2 - 42*f - 19. Let m be ((-32)/(-10))/1*-5. Let h = -5 - m. What is the remainder when j(-13) is divided by h?
9
Let v = 44 - 19. Suppose v + 12 = x. Let l = x + -16. What is the remainder when l is divided by 12?
9
Let n be (-1)/(3 - 1334/444). Let m = -7 + n. Suppose -3*c + m = 8. What is the remainder when c is divided by 18?
15
Suppose -42*v + 304 = -40*v + 2*c, 2*v - 304 = -4*c. Calculate the remainder when v is divided by 38.
0
Calculate the remainder when 104 is divided by (-9)/(-45)*10 - -40.
20
Let y = -123 - -168. Let o = -12 + 42. Let n = o - 7. What is the remainder when y is divided by n?
22
What is the remainder when ((-21)/9 + 2)*(-8 + -1498) is divided by 102?
94
Let v(y) = 6*y**2 - 26*y - 10. What is the remainder when v(5) is divided by 6?
4
Suppose -3*t + 2*k = 7*k - 208, 0 = -2*k - 8. What is the remainder when t is divided by 43?
33
Let j(b) = b**3 + 9*b**2 + 14*b + 4. Let v be j(-7). Suppose v*y = -0*y + 3*a + 496, -3*y + 372 = 4*a. What is the remainder when y is divided by 32?
28
Suppose 0 = -3*q + 3, 2*p + 3*q - 4*q - 2